{"id":453,"date":"2025-12-21T14:32:59","date_gmt":"2025-12-21T14:32:59","guid":{"rendered":"https:\/\/dem-projects.fh-joanneum.at\/dem1\/?page_id=453"},"modified":"2026-01-25T19:16:05","modified_gmt":"2026-01-25T19:16:05","slug":"anmelden-registrieren","status":"publish","type":"page","link":"https:\/\/dem-projects.fh-joanneum.at\/dem1\/anmelden-registrieren\/","title":{"rendered":"Anmelden\/Registrieren"},"content":{"rendered":"\n<div class=\"wp-block-group lk-pricing-hero has-global-padding is-layout-constrained wp-block-group-is-layout-constrained\">\n<p class=\"lk-eyebrow\">Anmelden &amp; Registrieren<\/p>\n\n\n\n<h2 class=\"wp-block-heading\">Sie sind bereit den digitalen Nachlass zu regeln?<\/h2>\n\n\n\n<p class=\"lk-pricing-hero__lead\">Falls Sie schon ein Konto besitzen, k\u00f6nnen Sie sich hier einloggen. Sollten Sie noch keines haben, dann k\u00f6nnen Sie sich hier registrieren. In 3-Minuten k\u00f6nnen Sie mit der digitalen Vorsorge starten.<\/p>\n<\/div>\n\n\n\n<div class=\"wp-block-group has-global-padding is-layout-constrained wp-block-group-is-layout-constrained\">\n<h2 class=\"wp-block-heading has-text-align-center\">F\u00fcr Vorsorgende<\/h2>\n\n\n\n<p class=\"has-text-align-center lk-pricing-hero__lead\">Melden Sie sich hier an, um Ihren Nachlass zu bearbeiten, oder registrieren Sie sich jetzt um in 5 Minuten einen besseren digitalen Nachlass zu haben, als der Gro\u00dfteil aller Personen.<\/p>\n\n\n\n<div class=\"wp-block-columns lk-pricing-grid is-layout-flex wp-container-core-columns-is-layout-28f84493 wp-block-columns-is-layout-flex\">\n<div class=\"wp-block-column is-layout-flow wp-block-column-is-layout-flow\">\n<div class=\"wp-block-group lk-price-card has-global-padding is-layout-constrained wp-block-group-is-layout-constrained\">\n<p class=\"lk-price-label\">Anmelden<\/p>\n\n\n\n<h2 class=\"wp-block-heading\">Ich habe schon ein Konto<\/h2>\n\n\n\n<p class=\"has-text-align-center lk-price-amount\">Melden Sie sich an, um Ihre digitale Vorsorge zu bearbeiten.<\/p>\n\n\n\n<p class=\"lk-price-sub\">Aktualisieren Sie Konten, Kontaktpersonen und W\u00fcnsche jederzeit sicher online.<\/p>\n\n\n\n<div class=\"wp-block-buttons is-layout-flex wp-block-buttons-is-layout-flex\">\n<div class=\"wp-block-button\"><a class=\"wp-block-button__link has-background wp-element-button\" href=\"https:\/\/dem-projects.fh-joanneum.at\/dem1\/bereich-fur-vorsorgende\/\" style=\"background-color:#3a8785\">Anmelden<\/a><\/div>\n<\/div>\n<\/div>\n<\/div>\n\n\n\n<div class=\"wp-block-column is-layout-flow wp-block-column-is-layout-flow\">\n<div class=\"wp-block-group lk-price-card has-global-padding is-layout-constrained wp-block-group-is-layout-constrained\">\n<p class=\"lk-price-label\">Jetzt Registrieren<\/p>\n\n\n\n<h2 class=\"wp-block-heading\">Neu bei Letzter Klick<\/h2>\n\n\n\n<p class=\"has-text-align-center lk-price-amount\">Legen Sie in wenigen Minuten Ihr Vorsorge-Konto an.<\/p>\n\n\n\n<p class=\"lk-price-sub\">Erfassen Sie Ihre digitalen Zug\u00e4nge und W\u00fcnsch in wenigen Schritten.<\/p>\n\n\n\n<div class=\"wp-block-buttons is-layout-flex wp-block-buttons-is-layout-flex\">\n<div class=\"wp-block-button\"><a class=\"wp-block-button__link has-background wp-element-button\" href=\"https:\/\/dem-projects.fh-joanneum.at\/dem1\/bereich-fur-vorsorgende\/\" style=\"background-color:#083f48\">Registrieren<\/a><\/div>\n<\/div>\n<\/div>\n<\/div>\n<\/div>\n<\/div>\n\n\n\n<div class=\"wp-block-group has-global-padding is-layout-constrained wp-block-group-is-layout-constrained\">\n<h2 class=\"wp-block-heading has-text-align-center\">F\u00fcr Hinterbliebene<\/h2>\n\n\n\n<p class=\"has-text-align-center lk-pricing-hero__lead\">Melden Sie sich hier an, um den digitalen Nachlass der Ihnen hinterlassen wurde einzusehen. Nach der \u00dcberpr\u00fcfung k\u00f6nnen Sie den Nachlass in wenigen Schritten regeln. Sollten Sie noch keinen Zugang haben, k\u00f6nnen Sie sich hier ebenfalls in 3 Minuten registrieren.<\/p>\n\n\n\n<div class=\"wp-block-columns lk-pricing-grid is-layout-flex wp-container-core-columns-is-layout-28f84493 wp-block-columns-is-layout-flex\">\n<div class=\"wp-block-column is-layout-flow wp-block-column-is-layout-flow\">\n<div class=\"wp-block-group lk-price-card has-global-padding is-layout-constrained wp-block-group-is-layout-constrained\">\n<p class=\"lk-price-label\">Nachlass regeln &#8211; Anmelden<\/p>\n\n\n\n<h2 class=\"wp-block-heading\">Zugangsdaten vorhanden<\/h2>\n\n\n\n<p class=\"has-text-align-center lk-price-amount\">Sie haben eine Nachlass-ID oder Einladung erhalten?<\/p>\n\n\n\n<p class=\"lk-price-sub\">Melden Sie sich an, um die hinterlegten Informationen und W\u00fcnsche einzusehen.<\/p>\n\n\n\n<div class=\"wp-block-buttons is-layout-flex wp-block-buttons-is-layout-flex\">\n<div class=\"wp-block-button\"><a class=\"wp-block-button__link has-background wp-element-button\" href=\"https:\/\/dem-projects.fh-joanneum.at\/dem1\/bereich-fur-hinterbliebene\/\" style=\"background-color:#3a8785\">Anmelden<\/a><\/div>\n<\/div>\n<\/div>\n<\/div>\n\n\n\n<div class=\"wp-block-column is-layout-flow wp-block-column-is-layout-flow\">\n<div class=\"wp-block-group lk-price-card has-global-padding is-layout-constrained wp-block-group-is-layout-constrained\">\n<p class=\"lk-price-label\">Nachlass regeln &#8211; registrieren<\/p>\n\n\n\n<h2 class=\"wp-block-heading\">Noch kein Zugang?<\/h2>\n\n\n\n<p class=\"has-text-align-center lk-price-amount\">Wenn Sie noch keinen Zugang haben, registrieren Sie sich schnell und einfach.<\/p>\n\n\n\n<p class=\"lk-price-sub\">Wir helfen Ihnen Schritt f\u00fcr Schritt beim durchf\u00fchren des Nachlasses.<\/p>\n\n\n\n<div class=\"wp-block-buttons is-layout-flex wp-block-buttons-is-layout-flex\">\n<div class=\"wp-block-button\"><a class=\"wp-block-button__link has-background wp-element-button\" href=\"https:\/\/dem-projects.fh-joanneum.at\/dem1\/bereich-fur-hinterbliebene\/\" style=\"background-color:#083f48\">Registrieren<\/a><\/div>\n<\/div>\n<\/div>\n<\/div>\n<\/div>\n<\/div>\n\n\n\n<p><\/p>\n","protected":false},"excerpt":{"rendered":"<p>Anmelden &amp; Registrieren Sie sind bereit den digitalen Nachlass zu regeln? Falls Sie schon ein Konto besitzen, k\u00f6nnen Sie sich hier einloggen. Sollten Sie noch keines haben, dann k\u00f6nnen Sie sich hier registrieren. In 3-Minuten k\u00f6nnen Sie mit der digitalen Vorsorge starten. F\u00fcr Vorsorgende Melden Sie sich hier an, um Ihren Nachlass zu bearbeiten, oder [&hellip;]<\/p>\n","protected":false},"author":1,"featured_media":0,"parent":0,"menu_order":0,"comment_status":"closed","ping_status":"closed","template":"page-no-title","meta":{"footnotes":""},"class_list":["post-453","page","type-page","status-publish","hentry"],"_links":{"self":[{"href":"https:\/\/dem-projects.fh-joanneum.at\/dem1\/wp-json\/wp\/v2\/pages\/453","targetHints":{"allow":["GET"]}}],"collection":[{"href":"https:\/\/dem-projects.fh-joanneum.at\/dem1\/wp-json\/wp\/v2\/pages"}],"about":[{"href":"https:\/\/dem-projects.fh-joanneum.at\/dem1\/wp-json\/wp\/v2\/types\/page"}],"author":[{"embeddable":true,"href":"https:\/\/dem-projects.fh-joanneum.at\/dem1\/wp-json\/wp\/v2\/users\/1"}],"replies":[{"embeddable":true,"href":"https:\/\/dem-projects.fh-joanneum.at\/dem1\/wp-json\/wp\/v2\/comments?post=453"}],"version-history":[{"count":7,"href":"https:\/\/dem-projects.fh-joanneum.at\/dem1\/wp-json\/wp\/v2\/pages\/453\/revisions"}],"predecessor-version":[{"id":550,"href":"https:\/\/dem-projects.fh-joanneum.at\/dem1\/wp-json\/wp\/v2\/pages\/453\/revisions\/550"}],"wp:attachment":[{"href":"https:\/\/dem-projects.fh-joanneum.at\/dem1\/wp-json\/wp\/v2\/media?parent=453"}],"curies":[{"name":"wp","href":"https:\/\/api.w.org\/{rel}","templated":true}]}}